b + -8?
-2856
In base 5, what is -21042 - -322?
-20220
In base 3, what is -102211 - 20220?
-200201
In base 14, what is -1a - 529?
-545
In base 9, what is 132 + -127?
4
In base 13, what is -9 - 97b90?
-97b99
In base 11, what is -39116 + -3?
-39119
In base 12, what is -5888 + -2b?
-58b7
In base 13, what is 13 - 25b?
-248
In base 5, what is 221 + -21412?
-21141
In base 12, what is 1564 - -20?
1584
In base 3, what is -121022002 - 21011?
-121120020
In base 6, what is -2353 + -1235?
-4032
In base 8, what is -43667 - -1?
-43666
In base 3, what is -1212200010120 - -10?
-1212200010110
In base 14, what is -6d + -7150?
-71bd
In base 16, what is 0 + -3d94?
-3d94
In base 4, what is -121 - 12112?
-12233
In base 7, what is -316 + 3054?
2435
In base 9, what is -103051 + 4?
-103046
In base 11, what is 501 + 1a?
520
In base 12, what is -3339a6 + 2?
-3339a4
In base 15, what is -3 - -135be?
135bb
In base 2, what is -100011010110 + 1100000?
-100001110110
In base 16, what is -1 - 20310?
-20311
In base 7, what is -11 - -11346?
11335
In base 13, what is -25a4 - -330?
-2274
In base 7, what is -634 - -465?
-136
In base 11, what is 23 - 285?
-262
In base 13, what is -5a4 - 9c?
-673
In base 10, what is -4 + 48953?
48949
In base 13, what is -10 + -8131?
-8141
In base 13, what is -2c399 + -5?
-2c3a1
In base 2, what is 1011111000111001 - -100?
1011111000111101
In base 4, what is -122012012 - -10?
-122012002
In base 6, what is -5 + 3421535?
3421530
In base 6, what is -20 + -10515300?
-10515320
In base 8, what is -262 - 2403?
-2665
In base 7, what is 13035 - 3422?
6313
In base 11, what is -5 + 18a4a?
18a45
In base 6, what is 220415 + 2?
220421
In base 11, what is -71a - -88?
-642
In base 13, what is 2778 - -2?
277a
In base 14, what is 4b7 - 3c5?
d2
In base 12, what is -189 - -53?
-136
In base 7, what is 3 - 24500?
-24464
In base 11, what is 0 + -2285?
-2285
In base 11, what is 822a62 + 4?
822a66
In base 16, what is -4 - -273f5?
273f1
In base 10, what is 7 - -561493?
561500
In base 14, what is 4 - -111b1d?
111b23
In base 14, what is 38 + -2bb?
-283
In base 12, what is -167454 - 5?
-167459
In base 8, what is 7177 - -51?
7250
In base 9, what is -14 - -60663?
60648
In base 5, what is -101014314 - 31?
-101014400
In base 9, what is -1221 + -107?
-1328
In base 3, what is 22121221212 - 11?
22121221201
In base 6, what is -10 - -503233?
503223
In base 11, what is 2 + 285a9?
28600
In base 15, what is -2 + -56875?
-56877
In base 2, what is -110011 - 1010111101?
-1011110000
In base 3, what is 101120 + -201001122?
-200200002
In base 11, what is -731 - -105?
-627
In base 14, what is 1251a9 + 1?
1251aa
In base 4, what is 11 - -211323?
212000
In base 15, what is dc + -5cd?
-4e1
In base 15, what is cad + -102?
bab
In base 4, what is 1320310 - 21?
1320223
In base 4, what is -21330012 - -20?
-21323332
In base 13, what is -469 + 404?
-65
In base 13, what is 2 - -744ac?
744b1
In base 4, what is -220220 + -20?
-220300
In base 3, what is -10200210 + -10101?
-10211011
In base 2, what is 100010 - 11010110010?
-11010010000
In base 10, what is -604999 - -3?
-604996
In base 6, what is -220 - 21150?
-21410
In base 9, what is 20 + -8365?
-8345
In base 14, what is 73a5 + 3?
73a8
In base 3, what is -101101212 - -11120?
-101020022
In base 16, what is 8a9 + -130?
779
In base 12, what is 54b - 18?
533
In base 3, what is 11 + 102121110010?
102121110021
In base 10, what is 111 - 17?
94
In base 7, what is 11 + 63246?
63260
In base 6, what is -1245 - 33?
-1322
In base 2, what is -10100 - 10110000011110?
-10110000110010
In base 5, what is -24 + 10213?
10134
In base 10, what is -649 + 5?
-644
In base 13, what is -a45aa - -6?
-a45a4
In base 2, what is 1101001101101010000011 - -10?
1101001101101010000101
In base 11, what is 56 - 5226?
-5180
In base 10, what is 1926 + -27?
1899
In base 5, what is -34 - 1332?
-1421
In base 16, what is -670 - -13?
-65d
In base 2, what is -100100 - -111100010001?
111011101101
In base 14, what is -472c4a + 4?
-472c46
In base 7, what is 326 + 5611?
6240
In base 11, what is 74474 - 2?
74472
In base 13, what is -940 - 162?
-aa2
In base 4, what is 301 - 2210?
-1303
In base 8, what is -3033 + 0?
-3033
In base 13, what is -1 + -6b18?
-6b19
In base 15, what is -118 - -13a0?
1287
In base 8, what is 3 + 504275?
504300
In base 4, what is 11 - 1103331?
-1103320
In base 7, what is -132 - -3035?
2603
In base 4, what is 11 + -31032112?
-31032101
In base 10, what is 29 - -44414?
44443
In base 13, what is 2cb - -1143?
1441
In base 6, what is -3 + 51351?
51344
In base 9, what is -418 - -1645?
1226
In base 14, what is -1d0ca0 + 4?
-1d0c9a
In base 7, what is -5451 - 110?
-5561
In base 14, what is -4c48 - -5?
-4c43
In base 11, what is -6 - 281126?
-281131
In base 9, what is 37 - -3311?
3348
In base 8, what is 326502 - 4?
326476
In base 13, what is 26 + -1216?
-11c0
In base 16, what is 1 - 29523?
-29522
In base 12, what is -16392 + 1?
-16391
In base 13, what is -c1403 + 1?
-c1402
In base 11, what is -224 + -1269?
-1492
In base 6, what is 1 - 155330?
-155325
In base 14, what is 44 + 7c71?
7cb5
In base 7, what is 16 + 11565?
11614
In base 10, what is -218 - 5337?
-5555
In base 7, what is -102310 + -2?
-102312
In base 5, what is 41042 + 23?
41120
In base 15, what is 4 + 14e7?
14eb
In base 7, what is 5050 + 5?
5055
In base 4, what is 31133110 - 3?
31133101
In base 15, what is 134 + 243?
377
In base 12, what is 1167 + 113?
127a
In base 12, what is -16 + 121b1?
12197
In base 4, what is -10 + -12200111?
-12200121
In base 7, what is -114 + -3032?
-3146
In base 9, what is 33 + -1270?
-1236
In base 14, what is 0 - -41d51?
41d51
In base 4, what is -12 - -220311?
220233
In base 12, what is -15 + 3062?
3049
In base 7, what is -12152 + 111?
-12041
In base 13, what is 3 - 459b?
-4598
In base 10, what is -5 - 15711?
-15716
In base 16, what is -bd56 + -55?
-bdab
In base 5, what is 4140 + 300?
4440
In base 12, what is -6 + 3a199?
3a193
In base 5, what is 432314244 - -10?
432314304
In base 11, what is 4 + 926829?
926832
In base 11, what is 5091 + -9?
5083
In base 6, what is 1152 + -5152?
-4000
In base 10, what is -3137 + 11?
-3126
In base 12, what is 14225 - 0?
14225
In base 5, what is -100004 + -12443?
-113002
In base 11, what is 4165 - 8?
4158
In base 3, what is -1001 + -2212011?
-2220012
In base 3, what is 202001 - 122200?
2101
In base 4, what is -233 - -3033?
2200
In base 11, what is 667a2 + 5?
667a7
In base 16, what is -1b12 - -c?
-1b06
In base 7, what is 51065 - 50?
51015
In base 16, what is 2 - -16d1?
16d3
In base 15, what is ba + 2a9?
374
In base 16, what is 2697 + -36?
2661
In base 6, what is 0 - 2404155?
-2404155
In base 12, what is -1a95 - -55?
-1a40
In base 3, what is -1220 + 20000212?
12221222
In base 9, what is -20416 + 2?
-20414
In base 4, what is -2 - 2013312?
-2013320
In base 2, what is -10 - 1111100110100010100?
-1111100110100010110
In base 4, what is 10 + -10102222?
-10102212
In base 16, what is -2f63 - -12?
-2f51
In base 9, what is -4 - -16531?
16526
In base 6, what is 31341 + 4?
31345
In base 14, what is 7a5 + 41?
806
In base 16, what is 0 + -d765a?
-d765a
In base 2, what is 110011101011 - 1011010?
110010010001
In base 11, what is 51214 - 26?
51199
In base 5, what is 1 - 2133404?
-2133403
In base 5, what is 3 - 4442330?
-4442322
In base 13, what is -2556 - 7?
-2560
In base 2, what is 11100 - -11110011011100?
11110011111000
In base 11, what is 1 - 1758a?
-17589
In base 8, what is -4716 + -12?
-4730
In base 7, what is 2 - 1301030?
-1301025
In base 8, what is 17 + 222330?
222347
In base 9, what is 2 - -1117830?
1117832
In base 15, what is a64b51 + -1?
a64b50
In base 4, what is 10211 - -10210121?
10220332
In base 13, what is -134 + -128?
-25c
In base 12, what is -6a851 - 1b?
-6a870
In base 13, what is -3 + -a3814?
-a3817
In base 16, what is 56 - -21dc?
2232
In base 12, what is 1385628 - -4?
1385630
In base 8, what is -2623 + -255?
-3100
In base 2, what is 110110100 + 11010?
111001110
In base 8, what is -1173 - -62?
-1111
In base 8, what is -4033 + 274?
-3537
In base 3, what is 1 - -101122010?
101122011
In base 8, what is 2 + -61515?
-61513
In base 10, what is 48 - -7214?
7262
In base 7, what is -200 - 265024?
-265224
In base 7, what is -12213 + -4?
-12220
In base 6, what is 4 + -25345?
-25341
In base 14, wha